{"id":6290,"date":"2021-12-24T14:00:51","date_gmt":"2021-12-24T11:00:51","guid":{"rendered":"https:\/\/nesibeaydin.k12.tr\/web\/?page_id=6290"},"modified":"2025-12-04T14:30:47","modified_gmt":"2025-12-04T11:30:47","slug":"sinavlar","status":"publish","type":"page","link":"https:\/\/nesibeaydin.k12.tr\/web\/okullarimiz\/antalya-kampusu\/antalya-lise\/12-siniflar\/sinavlar\/","title":{"rendered":"S\u0131navlar"},"content":{"rendered":"<p><section id=\"bt_bb_section69d29171041c8\"  class=\"bt_bb_section bt_bb_layout_boxed_1200 bt_bb_vertical_align_top\" ><div class=\"bt_bb_port\"><div class=\"bt_bb_cell\"><div class=\"bt_bb_cell_inner\"><div class=\"bt_bb_row  bt_bb_shape_inherit\"  data-bt-override-class=\"{}\"><div class=\"bt_bb_row_holder\" ><div  class=\"bt_bb_column col-xxl-12 col-xl-12 col-xs-12 col-sm-12 col-md-12 col-lg-12 bt_bb_vertical_align_top bt_bb_align_left bt_bb_padding_normal bt_bb_shape_inherit\" style=\"; --column-width:12;\" data-width=\"12\" data-bt-override-class=\"{}\"><div class=\"bt_bb_column_content\"><div class=\"bt_bb_column_content_inner\"><div  class=\"bt_bb_text\" ><\/p>\n<p>\t\t\t<!-- START lise12 REVOLUTION SLIDER 6.6.12 --><\/p>\n<p class=\"rs-p-wp-fix\">\n<p>\t\t\t<rs-module-wrap id=\"rev_slider_15_1_wrapper\" data-source=\"gallery\" style=\"visibility:hidden;background:transparent;padding:0;margin:0px auto;margin-top:0;margin-bottom:0;\"><br \/>\n\t\t\t\t<rs-module id=\"rev_slider_15_1\" style=\"\" data-version=\"6.6.12\"><br \/>\n\t\t\t\t\t<rs-slides style=\"overflow: hidden; position: absolute;\"><br \/>\n\t\t\t\t\t\t<rs-slide style=\"position: absolute;\" data-key=\"rs-18\" data-title=\"Slide\" data-seoz=\"front\" data-anim=\"adpr:false;\" data-in=\"o:0;\" data-out=\"a:false;\"><br \/>\n\t\t\t\t\t\t\t<img src=\"\/\/nesibeaydin.k12.tr\/web\/wp-content\/plugins\/revslider\/public\/assets\/assets\/dummy.png\" alt=\"Slide\" title=\"S\u0131navlar\" class=\"rev-slidebg tp-rs-img rs-lazyload\" data-lazyload=\"\/\/nesibeaydin.k12.tr\/web\/wp-content\/plugins\/revslider\/public\/assets\/assets\/transparent.png\" data-no-retina><br \/>\n<!--\n\t\t\t\t\t\t\t--><rs-layer\n\t\t\t\t\t\t\t\tid=\"slider-15-slide-18-layer-0\" \n\t\t\t\t\t\t\t\tdata-type=\"image\"\n\t\t\t\t\t\t\t\tdata-rsp_ch=\"on\"\n\t\t\t\t\t\t\t\tdata-xy=\"x:c;\"\n\t\t\t\t\t\t\t\tdata-text=\"w:normal;s:20,25,25,25;l:0,31,31,31;\"\n\t\t\t\t\t\t\t\tdata-dim=\"w:1330px,1662px,1662px,1662px;h:300px,375px,375px,375px;\"\n\t\t\t\t\t\t\t\tdata-frame_999=\"o:0;st:w;\"\n\t\t\t\t\t\t\t\tstyle=\"z-index:5;\"\n\t\t\t\t\t\t\t><img src=\"\/\/nesibeaydin.k12.tr\/web\/wp-content\/plugins\/revslider\/public\/assets\/assets\/dummy.png\" alt=\"\" class=\"tp-rs-img rs-lazyload\" width=\"1330\" height=\"300\" data-lazyload=\"\/\/nesibeaydin.k12.tr\/web\/wp-content\/uploads\/2021\/12\/1-slider2_C\u0327al\u0131s\u0327ma Yu\u0308zeyi 1 kopya 6.png\" data-no-retina><br \/>\n\t\t\t\t\t\t\t<\/rs-layer><!--\n-->\t\t\t\t\t\t<\/rs-slide><br \/>\n\t\t\t\t\t<\/rs-slides><br \/>\n\t\t\t\t<\/rs-module><br \/>\n\t\t\t\t<script>\n\t\t\t\t\tsetREVStartSize({c: 'rev_slider_15_1',rl:[1240,1024,1024,1024],el:[280,768,768,768],gw:[1024,1280,1280,1280],gh:[280,300,300,300],type:'hero',justify:'',layout:'fullwidth',mh:\"0\"});if (window.RS_MODULES!==undefined && window.RS_MODULES.modules!==undefined && window.RS_MODULES.modules[\"revslider151\"]!==undefined) {window.RS_MODULES.modules[\"revslider151\"].once = false;window.revapi15 = undefined;if (window.RS_MODULES.checkMinimal!==undefined) window.RS_MODULES.checkMinimal()}\n\t\t\t\t<\/script><br \/>\n\t\t\t<\/rs-module-wrap><br \/>\n\t\t\t<!-- END REVOLUTION SLIDER --><\/p>\n<p>\n<\/div><\/div><\/div><\/div><\/div><\/div><\/div><\/div><\/div><\/section><section id=\"bt_bb_section69d291710663e\"  class=\"bt_bb_section bt_bb_top_spacing_small bt_bb_bottom_spacing_extra_small bt_bb_layout_boxed_1200 bt_bb_vertical_align_top\" ><div class=\"bt_bb_port\"><div class=\"bt_bb_cell\"><div class=\"bt_bb_cell_inner\"><div class=\"bt_bb_row  bt_bb_shape_inherit\"  data-bt-override-class=\"{}\"><div class=\"bt_bb_row_holder\" ><div  class=\"bt_bb_column col-xxl-12 col-xl-12 col-xs-12 col-sm-12 col-md-12 col-lg-12 bt_bb_vertical_align_top bt_bb_align_center bt_bb_padding_normal bt_bb_animation_fade_in animate bt_bb_shape_inherit\" style=\"; --column-width:12;\" data-width=\"12\" data-bt-override-class=\"{&quot;bt_bb_align_&quot;:{&quot;current_class&quot;:&quot;bt_bb_align_center&quot;,&quot;def&quot;:&quot;center&quot;,&quot;xl&quot;:&quot;center&quot;}}\"><div class=\"bt_bb_column_content\"><div class=\"bt_bb_column_content_inner\"><header class=\"bt_bb_headline bt_bb_color_scheme_5 bt_bb_dash_none bt_bb_size_medium bt_bb_align_center\" style=\"; --primary-color:#191919; --secondary-color:#ed2124;\" data-bt-override-class=\"{&quot;bt_bb_align_&quot;:{&quot;current_class&quot;:&quot;bt_bb_align_center&quot;,&quot;def&quot;:&quot;center&quot;,&quot;xl&quot;:&quot;center&quot;}}\"><h3 class=\"bt_bb_headline_tag\"><span class=\"bt_bb_headline_content\"><span>S\u0131navlar<\/span><\/span><\/h3><\/header><\/div><\/div><\/div><\/div><\/div><\/div><\/div><\/div><\/section><section id=\"bt_bb_section69d29171067ce\"  class=\"bt_bb_section bt_bb_top_spacing_small bt_bb_bottom_spacing_medium bt_bb_layout_boxed_1200 bt_bb_vertical_align_top\" ><div class=\"bt_bb_port\"><div class=\"bt_bb_cell\"><div class=\"bt_bb_cell_inner\"><div class=\"bt_bb_row  bt_bb_shape_inherit\"  data-bt-override-class=\"{}\"><div class=\"bt_bb_row_holder\" ><div  class=\"bt_bb_column col-xxl-12 col-xl-12 col-xs-12 col-sm-12 col-md-12 col-lg-12 bt_bb_vertical_align_middle bt_bb_align_left bt_bb_padding_0 bt_bb_shape_inherit\" style=\"; --column-width:12;\" data-width=\"12\" data-bt-override-class=\"{&quot;bt_bb_align_&quot;:{&quot;current_class&quot;:&quot;bt_bb_align_left&quot;,&quot;def&quot;:&quot;left&quot;,&quot;xl&quot;:&quot;left&quot;}}\"><div class=\"bt_bb_column_content\"><div class=\"bt_bb_column_content_inner\"><div  class=\"bt_bb_text\" ><\/p>\n<p>T\u00fcm s\u0131navlar\u0131m\u0131z, <strong>Nesibe Ayd\u0131n<\/strong> <strong>Okullar\u0131<\/strong> kadrosu taraf\u0131ndan haz\u0131rlanmaktad\u0131r.<\/p>\n<p><strong>L\u0130SELER\u0130M\u0130ZE G\u0130R\u0130\u015e SINAVLARI<\/strong><\/p>\n<p>Liselerimizin; 9, 10, 11 ve 12. s\u0131n\u0131flar\u0131na <strong>\u00f6\u011frenci kabul\u00fc<\/strong> i\u00e7in yap\u0131lan s\u0131navlard\u0131r.<\/p>\n<ul>\n<li>S\u0131nava kat\u0131lan \u00f6\u011frencilerden, belirledi\u011fimiz <strong>s\u0131nav puan baraj\u0131n\u0131<\/strong> a\u015fanlar, liselerimize <strong>kay\u0131t yapt\u0131rabilirler.<\/strong><\/li>\n<\/ul>\n<p>\n<\/div><\/div><\/div><\/div><\/div><\/div><div class=\"bt_bb_row  bt_bb_shape_inherit\"  data-bt-override-class=\"{}\"><div class=\"bt_bb_row_holder\" ><div  class=\"bt_bb_column col-xxl-12 col-xl-12 col-xs-12 col-sm-12 col-md-12 col-lg-12 bt_bb_vertical_align_top bt_bb_align_center bt_bb_padding_normal bt_bb_shape_inherit\" style=\"; --column-width:12;\" data-width=\"12\" data-bt-override-class=\"{&quot;bt_bb_align_&quot;:{&quot;current_class&quot;:&quot;bt_bb_align_center&quot;,&quot;def&quot;:&quot;center&quot;,&quot;xl&quot;:&quot;center&quot;}}\"><div class=\"bt_bb_column_content\"><div class=\"bt_bb_column_content_inner\"><div class=\"bt_bb_image bt_bb_shape_square bt_bb_align_inherit bt_bb_hover_style_simple bt_bb_content_display_always bt_bb_content_align_middle\"><span><img src = \"https:\/\/nesibeaydin.k12.tr\/web\/wp-content\/plugins\/bold-page-builder\/img\/blank.gif\" data-image_src=\"https:\/\/nesibeaydin.k12.tr\/web\/wp-content\/uploads\/2021\/12\/IGCSE-01.png\" title=\"IGCSE-01\" alt=\"https:\/\/nesibeaydin.k12.tr\/web\/wp-content\/uploads\/2021\/12\/IGCSE-01.png\" class=\"btLazyLoadImage\"><\/span><\/div><\/div><\/div><\/div><\/div><\/div><div class=\"bt_bb_row  bt_bb_shape_inherit\"  data-bt-override-class=\"{}\"><div class=\"bt_bb_row_holder\" ><div  class=\"bt_bb_column col-xxl-12 col-xl-12 col-xs-12 col-sm-12 col-md-12 col-lg-12 bt_bb_vertical_align_middle bt_bb_align_left bt_bb_padding_0 bt_bb_shape_inherit\" style=\"; --column-width:12;\" data-width=\"12\" data-bt-override-class=\"{&quot;bt_bb_align_&quot;:{&quot;current_class&quot;:&quot;bt_bb_align_left&quot;,&quot;def&quot;:&quot;left&quot;,&quot;xl&quot;:&quot;left&quot;}}\"><div class=\"bt_bb_column_content\"><div class=\"bt_bb_column_content_inner\"><div  class=\"bt_bb_text\" ><\/p>\n<p><strong>YAZILI SINAVLARI<\/strong><\/p>\n<p>Bu s\u0131navlar, her ders i\u00e7in <strong>MEB\u2019in belirledi\u011fi say\u0131da<\/strong> yap\u0131l\u0131r, de\u011ferlendirilir, veli ve \u00f6\u011frencilere duyurulur. \u00d6\u011frencilerin ald\u0131\u011f\u0131 notlar, <strong>e-okul<\/strong> sistemine kaydedilir.<\/p>\n<p><strong>TYT &#8211; AYT <\/strong><strong>DENEME SINAVLARI<\/strong><\/p>\n<p>\u00d6\u011frencilerimize uygulayaca\u011f\u0131m\u0131z yaz\u0131l\u0131 s\u0131navlara ek olarak t\u00fcm derslerden <strong>i\u015fledikleri konular\u0131 i\u00e7eren <\/strong><strong>\u00fcniversite s\u0131navlar\u0131na haz\u0131rl\u0131k ama\u00e7l\u0131 <\/strong><strong>Nesibe Ayd\u0131n \u00f6\u011fretmenleri taraf\u0131ndan haz\u0131rlanan<\/strong><strong> NAO \/ TYT &#8211; AYT Deneme S\u0131navlar\u0131 <\/strong>uygulan\u0131r. Ayr\u0131ca belirli aral\u0131klarla \u00f6\u011frencilerimize, D\u0131\u015f Yay\u0131nlara ait TYT &#8211; AYT s\u0131navlar\u0131 da uygulanmaktad\u0131r.<\/p>\n<p>Deneme S\u0131navlar\u0131m\u0131z, <strong>ger\u00e7ek s\u0131nav <\/strong>format\u0131nda haz\u0131rlan\u0131r, puanlamalar da <strong>YKS puanlama sistemine <\/strong>g\u00f6re hesaplan\u0131r.<\/p>\n<p><strong>Her hafta bir s\u0131nav yap\u0131l\u0131r. Bu s\u0131navlar :<\/strong><\/p>\n<ul>\n<li>Birinci s\u0131nav; <strong> Oturum <\/strong><strong>(TYT) Deneme S\u0131nav\u0131:<\/strong><\/li>\n<\/ul>\n<p><strong>T\u00fcrk\u00e7e \u2013 Matematik \u2013 Fen \u2013 Sosyal<\/strong><\/p>\n<ul>\n<li>\u0130kinci s\u0131nav; <strong> Oturum <\/strong><strong>(AYT) Deneme S\u0131nav\u0131:<\/strong><\/li>\n<\/ul>\n<p><strong>MF <\/strong>\u00f6\u011frencileri i\u00e7in: <strong>Matematik, Fizik, Kimya, Biyoloji<\/strong><\/p>\n<p><strong>TM <\/strong>\u00f6\u011frencileri i\u00e7in: <strong>Matematik, Edebiyat, Tarih-1, Co\u011frafya-1<\/strong><\/p>\n<ul>\n<li>S\u0131nav sonu\u00e7lar\u0131na g\u00f6re, <strong>eksi\u011fi bulunan \u00f6\u011frencilerimize <\/strong>profesyonel e\u011fitim kadromuz taraf\u0131ndan y\u00f6nlendirme ve<strong> \u00e7al\u0131\u015fmalar <\/strong>yap\u0131l\u0131r.<\/li>\n<\/ul>\n<p><strong>VIP KAMP PROGRAMI: <\/strong>\u00d6\u011frencilerimiz, \u00d6SYM\u2019nin yapaca\u011f\u0131 s\u0131navlardan <strong>1,5 ay \u00f6nce, <\/strong>s\u0131nav pratiklerini art\u0131rmak ve eksik konular\u0131n\u0131 tamamlamak i\u00e7in okulumuzda, <strong>yo\u011fun TYT &#8211; AYT <\/strong><strong>KAMP PROGRAMINA <\/strong>al\u0131n\u0131rlar.<\/p>\n<ul>\n<li>Bu programda \u00f6\u011frencilerimize, <strong>VIP DENEME SINAVLARI <\/strong>uygulan\u0131r.<\/li>\n<\/ul>\n<p><strong>S\u00dcPER GRUP<\/strong><\/p>\n<p>Okulumuzda uygulad\u0131\u011f\u0131m\u0131z, <strong>TYT <\/strong>ve<strong> AYT<\/strong> <strong>DENEME s\u0131navlar\u0131 sonras\u0131nda<\/strong>, belirledi\u011fimiz <strong>s\u00fcper baraj puan\u0131n\u0131n <\/strong>\u00fczerine \u00e7\u0131kan \u00f6\u011frencilerden, MF ve TM alanlar\u0131 i\u00e7in <strong>S\u00dcPER <em>(Derece) <\/em><\/strong>gruplar\u0131 olu\u015fturulur. Bu gruplara, normal \u00f6devlerinin d\u0131\u015f\u0131nda, <strong>S\u00fcper Grup Ayl\u0131k \u00d6devleri <\/strong>verilir ve \u00f6\u011fretmenleri taraf\u0131ndan kontrol\u00fc sa\u011flan\u0131r. \u00d6\u011frenciler, yapamad\u0131klar\u0131 ya da yanl\u0131\u015f yapt\u0131klar\u0131 sorular\u0131 <strong>P.\u00c7<\/strong> saatinde \u00f6\u011fretmenlerine sorarak \u00f6\u011frenirler.\u00a0 <strong>S\u00dcPER gruplar, <\/strong>yap\u0131lan <strong>TYT <\/strong>ve<strong> AYT DENEME <\/strong>sonu\u00e7lar\u0131na g\u00f6re, <strong>6 haftada bir yeniden olu\u015fturulur. <\/strong>S\u00fcper Grup \u00f6\u011frencilerine, ayr\u0131ca <strong>S\u00fcper Deneme S\u0131navlar\u0131<\/strong> uygulan\u0131r.<\/p>\n<ul>\n<li><strong>S\u0131nav tarihleri<\/strong> ve <strong>t\u00fcm akademik program\u0131m\u0131z\u0131 i\u00e7eren i\u015fleyi\u015f k\u0131lavuzlar\u0131m\u0131z<\/strong>, \u00f6\u011fretim y\u0131l\u0131 ba\u015f\u0131nda, <strong>E12 e\u011fitim platformumuzda<\/strong> yay\u0131mlan\u0131r.<\/li>\n<\/ul>\n<p>&nbsp;<\/p>\n<p>\n<\/div><\/div><\/div><\/div><\/div><\/div><div class=\"bt_bb_row \"  data-bt-override-class=\"{}\"><div class=\"bt_bb_row_holder\" ><div  class=\"bt_bb_column col-xxl-12 col-xl-12 bt_bb_vertical_align_top bt_bb_align_center bt_bb_padding_normal\" style=\"; --column-width:12;\" data-width=\"12\" data-bt-override-class=\"{}\"><div class=\"bt_bb_column_content\"><div class=\"bt_bb_column_content_inner\"><div class=\"bt_bb_separator bt_bb_border_style_none bt_bb_bottom_spacing_normal\" data-bt-override-class=\"null\"><\/div><div class=\"bt_bb_slider bt_bb_height_keep-height bt_bb_show_dots_bottom bt_bb_multiple_slides bt_bb_multiple_slides bt_bb_animation_slide animate\"><div class=\"slick-slider\"  data-slick='{ \"lazyLoad\": \"progressive\", \"cssEase\": \"ease-out\", \"speed\": \"300\", \"dots\": true, \"prevArrow\": \"\", \"nextArrow\": \"\",\"slidesToShow\": 4, \"autoplay\": true, \"autoplaySpeed\": 2000,\"slidesToShow\": 4, \"responsive\": [{ \"breakpoint\": 481, \"settings\": { \"slidesToShow\": 1, \"slidesToScroll\": 1 } },{ \"breakpoint\": 769, \"settings\": { \"slidesToShow\": 2, \"slidesToScroll\": 2 } },{ \"breakpoint\": 993, \"settings\": { \"slidesToShow\": 3, \"slidesToScroll\": 3 } },{ \"breakpoint\": 1201, \"settings\": { \"slidesToShow\": 4, \"slidesToScroll\": 4 } },{ \"breakpoint\": 1401, \"settings\": { \"slidesToShow\": 4, \"slidesToScroll\": 4 } }]}' ><div class=\"bt_bb_slider_item\" data-src-full=\"https:\/\/nesibeaydin.k12.tr\/web\/wp-content\/uploads\/2022\/01\/Lise-slider-3.png\"><img src=\"https:\/\/nesibeaydin.k12.tr\/web\/wp-content\/uploads\/2022\/01\/Lise-slider-3.png\" alt=\"Lise-slider-3\"  title=\"Lise-slider-3\"><\/div><div class=\"bt_bb_slider_item\" data-src-full=\"https:\/\/nesibeaydin.k12.tr\/web\/wp-content\/uploads\/2022\/01\/Lise-slider-1.png\"><img src=\"https:\/\/nesibeaydin.k12.tr\/web\/wp-content\/uploads\/2022\/01\/Lise-slider-1.png\" alt=\"Lise-slider-1\"  title=\"Lise-slider-1\"><\/div><div class=\"bt_bb_slider_item\" data-src-full=\"https:\/\/nesibeaydin.k12.tr\/web\/wp-content\/uploads\/2022\/01\/Lise-slider-2.png\"><img src=\"https:\/\/nesibeaydin.k12.tr\/web\/wp-content\/uploads\/2022\/01\/Lise-slider-2.png\" alt=\"Lise-slider-2\"  title=\"Lise-slider-2\"><\/div><div class=\"bt_bb_slider_item\" data-src-full=\"https:\/\/nesibeaydin.k12.tr\/web\/wp-content\/uploads\/2021\/12\/slider_alt-16-1.png\"><img src=\"https:\/\/nesibeaydin.k12.tr\/web\/wp-content\/uploads\/2021\/12\/slider_alt-16-1.png\" alt=\"slider_alt-16\"  title=\"slider_alt-16\"><\/div><div class=\"bt_bb_slider_item\" data-src-full=\"https:\/\/nesibeaydin.k12.tr\/web\/wp-content\/uploads\/2021\/12\/slider_alt-19.png\"><img src=\"https:\/\/nesibeaydin.k12.tr\/web\/wp-content\/uploads\/2021\/12\/slider_alt-19.png\" alt=\"slider_alt-19\"  title=\"slider_alt-19\"><\/div><div class=\"bt_bb_slider_item\" data-src-full=\"https:\/\/nesibeaydin.k12.tr\/web\/wp-content\/uploads\/2022\/01\/Lise-slider-4.png\"><img src=\"https:\/\/nesibeaydin.k12.tr\/web\/wp-content\/uploads\/2022\/01\/Lise-slider-4.png\" alt=\"Lise-slider-4\"  title=\"Lise-slider-4\"><\/div><div class=\"bt_bb_slider_item\" data-src-full=\"https:\/\/nesibeaydin.k12.tr\/web\/wp-content\/uploads\/2021\/12\/slider_alt-17-1.png\"><img src=\"https:\/\/nesibeaydin.k12.tr\/web\/wp-content\/uploads\/2021\/12\/slider_alt-17-1.png\" alt=\"slider_alt-17\"  title=\"slider_alt-17\"><\/div><div class=\"bt_bb_slider_item\" data-src-full=\"https:\/\/nesibeaydin.k12.tr\/web\/wp-content\/uploads\/2021\/12\/slider_alt-18.png\"><img src=\"https:\/\/nesibeaydin.k12.tr\/web\/wp-content\/uploads\/2021\/12\/slider_alt-18.png\" alt=\"slider_alt-18\"  title=\"slider_alt-18\"><\/div><\/div><\/div><div class=\"bt_bb_separator bt_bb_border_style_none bt_bb_bottom_spacing_normal\" data-bt-override-class=\"null\"><\/div><\/div><\/div><\/div><\/div><\/div><\/div><\/div><\/div><\/section><\/p>\n","protected":false},"excerpt":{"rendered":"","protected":false},"author":1,"featured_media":0,"parent":6261,"menu_order":0,"comment_status":"closed","ping_status":"closed","template":"","meta":[],"_links":{"self":[{"href":"https:\/\/nesibeaydin.k12.tr\/web\/wp-json\/wp\/v2\/pages\/6290"}],"collection":[{"href":"https:\/\/nesibeaydin.k12.tr\/web\/wp-json\/wp\/v2\/pages"}],"about":[{"href":"https:\/\/nesibeaydin.k12.tr\/web\/wp-json\/wp\/v2\/types\/page"}],"author":[{"embeddable":true,"href":"https:\/\/nesibeaydin.k12.tr\/web\/wp-json\/wp\/v2\/users\/1"}],"replies":[{"embeddable":true,"href":"https:\/\/nesibeaydin.k12.tr\/web\/wp-json\/wp\/v2\/comments?post=6290"}],"version-history":[{"count":3,"href":"https:\/\/nesibeaydin.k12.tr\/web\/wp-json\/wp\/v2\/pages\/6290\/revisions"}],"predecessor-version":[{"id":16881,"href":"https:\/\/nesibeaydin.k12.tr\/web\/wp-json\/wp\/v2\/pages\/6290\/revisions\/16881"}],"up":[{"embeddable":true,"href":"https:\/\/nesibeaydin.k12.tr\/web\/wp-json\/wp\/v2\/pages\/6261"}],"wp:attachment":[{"href":"https:\/\/nesibeaydin.k12.tr\/web\/wp-json\/wp\/v2\/media?parent=6290"}],"curies":[{"name":"wp","href":"https:\/\/api.w.org\/{rel}","templated":true}]}}